0462892?
44
Calculate the highest common divisor of 6921 and 822061.
769
What is the greatest common divisor of 5759 and 858419263?
5759
What is the highest common divisor of 4590544 and 21?
7
Calculate the highest common divisor of 8096 and 474720.
736
What is the greatest common divisor of 24750 and 2317590?
990
Calculate the highest common factor of 488844 and 3494574.
6606
What is the highest common divisor of 1302941 and 1297750?
5191
What is the highest common factor of 50575 and 29376?
17
What is the highest common divisor of 38990 and 352?
2
What is the highest common factor of 128 and 3439752?
8
What is the greatest common factor of 284649 and 10994?
239
What is the greatest common divisor of 9799 and 285127?
239
What is the highest common divisor of 139358 and 1298?
118
What is the greatest common factor of 2448 and 2318528?
272
Calculate the greatest common factor of 8273871 and 39.
3
Calculate the greatest common factor of 350 and 48515.
5
What is the greatest common factor of 1211 and 5185156?
173
What is the highest common divisor of 35688340 and 6640?
1660
What is the highest common divisor of 1046 and 1318706?
2
Calculate the greatest common factor of 2184 and 2848152.
24
What is the greatest common factor of 127 and 41688385?
127
Calculate the greatest common factor of 108 and 60074148.
12
Calculate the highest common factor of 68751600 and 3286.
106
Calculate the highest common divisor of 82 and 19336912.
82
Calculate the greatest common divisor of 679 and 11998329.
7
What is the highest common factor of 51156491 and 183?
61
Calculate the highest common factor of 767 and 179386727.
767
What is the greatest common divisor of 108 and 2002548?
12
What is the greatest common divisor of 30996 and 267968169?
7749
Calculate the highest common factor of 297642 and 318.
6
What is the greatest common factor of 58464 and 18310368?
2784
What is the highest common factor of 141138 and 25782?
6
What is the highest common factor of 9584 and 1272592?
16
What is the highest common divisor of 3440 and 26789000?
1720
What is the highest common factor of 66827 and 37315?
17
Calculate the greatest common divisor of 34 and 94210464.
34
Calculate the highest common factor of 496 and 463459424.
496
What is the highest common factor of 11520 and 50867840?
640
Calculate the greatest common factor of 362255 and 53313.
1367
What is the greatest common divisor of 1041245 and 56330?
215
Calculate the highest common factor of 21701940 and 624.
156
What is the highest common divisor of 26971 and 169867211?
3853
Calculate the greatest common divisor of 168 and 3064872.
24
What is the highest common factor of 651348 and 34188?
444
Calculate the greatest common factor of 1546258 and 31882.
38
What is the highest common factor of 16661060 and 104?
52
Calculate the greatest common factor of 492 and 9016433.
41
Calculate the highest common factor of 7192174 and 198.
22
Calculate the highest common divisor of 1008734 and 5014.
46
Calculate the greatest common divisor of 9546 and 681078462.
9546
What is the greatest common divisor of 179811 and 1413?
9
What is the greatest common factor of 632380536 and 90?
18
What is the highest common divisor of 41439624 and 24?
24
Calculate the greatest common divisor of 5780 and 111176855.
1445
What is the greatest common divisor of 143830575 and 14175?
1575
What is the greatest common factor of 1822400 and 93465?
335
Calculate the highest common divisor of 26264 and 41792.
8
What is the greatest common divisor of 46137675 and 15593?
503
Calculate the highest common divisor of 351 and 2008162.
13
What is the greatest common divisor of 3488235 and 1290?
15
What is the highest common divisor of 2399379252 and 68?
68
Calculate the greatest common factor of 2470442 and 2704.
338
Calculate the highest common divisor of 869677300 and 2316.
772
What is the greatest common factor of 2061832 and 184?
8
Calculate the greatest common factor of 166964800 and 160.
160
What is the greatest common divisor of 27482451 and 987?
141
Calculate the greatest common divisor of 10 and 695538450.
10
Calculate the greatest common factor of 39 and 17759014.
13
Calculate the greatest common divisor of 3190 and 21706036.
638
Calculate the highest common factor of 220 and 42215756.
44
Calculate the highest common factor of 307547163 and 99.
99
What is the highest common factor of 984 and 1602816?
24
What is the greatest common factor of 4717 and 11238119?
89
Calculate the highest common divisor of 7561 and 4431025757.
7561
What is the highest common divisor of 4930950 and 852?
426
What is the greatest common divisor of 574773 and 62961?
2031
Calculate the highest common divisor of 130080221 and 321.
107
Calculate the highest common factor of 1008 and 28261044.
252
What is the highest common divisor of 130892255 and 13?
13
What is the greatest common divisor of 12140918 and 92?
46
Calculate the greatest common divisor of 22049 and 123573.
17
Calculate the highest common factor of 10624 and 177296.
16
What is the highest common divisor of 30996 and 914942?
14
What is the highest common divisor of 7366 and 1823703744?
7366
Calculate the greatest common factor of 9 and 14196132.
9
What is the highest common factor of 2047 and 573597?
23
Calculate the highest common factor of 24462 and 11142.
18
What is the greatest common factor of 14032169 and 1231?
1231
What is the highest common factor of 37151371 and 92?
23
What is the highest common factor of 44824 and 3299736?
3448
What is the greatest common factor of 3982 and 50594930?
362
Calculate the highest common factor of 273467 and 8169.
389
Calculate the greatest common factor of 187000 and 23012.
44
Calculate the highest common factor of 5929308 and 7728.
1932
Calculate the greatest common factor of 356322735 and 72.
9
What is the highest common factor of 9951 and 1404021?
93
Calculate the highest common factor of 766785 and 22134.
1581
What is the highest common factor of 127601835 and 2010?
1005
What is the highest common divisor of 18 and 7267254?
6
Calculate the greatest common divisor of 163 and 31699751.
163
Calculate the highest common factor of 265 and 27212797.
53
Calculate the greatest common divisor of 956780 and 31240.
220
Calculate the highest common factor of 63 and 86533734.
21
What is the highest common divisor of 1376 and 8358297?
43
Calculate the greatest common factor of 12 and 756669816.
12
What is the highest common divisor of 14463090 and 1242?
1242
Calculate the highest common factor of 5003015 and 1904.
17
What is the greatest common factor of 18 and 40953699?
9
Calculate the greatest common divisor of 224 and 341222.
14
Calculate the greatest common divisor of 144123 and 7707.
21
Calculate the highest common divisor of 20 and 536815340.
20
Calculate the highest common divisor of 6562 and 286798.
386
What is the greatest common divisor of 864 and 5910732?
108
Calculate the greatest common factor of 1221 and 262383.
33
Calculate the greatest common divisor of 216 and 44954928.
72
Calculate the highest common factor of 41322510 and 8586.
954
What is the highest common factor of 2052107 and 53?
53
What is the highest common factor of 14127165 and 591201?
3627
What is the greatest common factor of 139946 and 7656806?
838
What is the highest common factor of 25620 and 5771210?
610
Calculate the greatest common factor of 22046375 and 13000.
1625
What is the highest common factor of 310403255 and 18190?
9095
Calculate the greatest common divisor of 24 and 26941410.
6
What is the greatest common divisor of 280173420 and 72?
36
Calculate the greatest common factor of 41085 and 973922.
83
What is the highest common divisor of 136097325 and 3315?
3315
What is the highest common divisor of 1314 and 1856098?
146
Calculate the highest common factor of 400832 and 345664.
64
What is the highest common divisor of 6762930 and 190?
10
What is the highest common factor of 872811 and 9738?
9
What is the highest common divisor of 47866 and 672754?
526
Calculate the greatest common divisor of 14045902 and 1976.
494
Calculate the highest common factor of 57776348 and 2303.
329
Calculate the greatest common factor of 45526 and 954707.
1339
Calculate the greatest common divisor of 5410 and 527534510.
5410
C